what is 3 - 1115?
-1112
In base 8, what is 7 - 63?
-54
In base 9, what is -14 - -10?
-4
In base 12, what is -16 + 2?
-14
In base 14, what is 2 + 37b?
37d
In base 10, what is 4 + 60?
64
In base 16, what is -929 + 3?
-926
In base 2, what is -1001 - 10011111?
-10101000
In base 16, what is -33f + 1d?
-322
In base 11, what is a0 - 7?
94
In base 15, what is 0 - -561?
561
In base 2, what is -11 - 110100?
-110111
In base 12, what is 1b9 - 1?
1b8
In base 16, what is -51 + 31?
-20
In base 12, what is -1 - -94?
93
In base 11, what is 56 + 10?
66
In base 5, what is 14412 + -2?
14410
In base 12, what is -18a8 - -5?
-18a3
In base 11, what is -4 + -193?
-197
In base 5, what is 223 + -31?
142
In base 7, what is -244 + 14?
-230
In base 15, what is -3 - -8?
5
In base 4, what is -1 + 133013?
133012
In base 12, what is -61 - 76?
-117
In base 5, what is 10413 + -4?
10404
In base 6, what is -1 + 20212?
20211
In base 2, what is -11010011 - 1?
-11010100
In base 7, what is -5 - -2302?
2264
In base 3, what is 120222120 - 0?
120222120
In base 6, what is 3 - -4544?
4551
In base 4, what is -2222 + -2?
-2230
In base 6, what is 24 - 144?
-120
In base 5, what is -1 - -3033?
3032
In base 7, what is 40 + -4?
33
In base 12, what is -4 + 1563?
155b
In base 8, what is -127 + -170?
-317
In base 4, what is 2 + -1203?
-1201
In base 16, what is b2b - 0?
b2b
In base 9, what is -24 - 170?
-204
In base 5, what is -3312 + 12?
-3300
In base 2, what is 0 - -1111?
1111
In base 10, what is -669 - -13?
-656
In base 3, what is -110000012 + -10?
-110000022
In base 10, what is -8 + -19?
-27
In base 6, what is 324312 - 0?
324312
In base 6, what is 32 + -1254?
-1222
In base 4, what is -32 + 2213?
2121
In base 3, what is -10 - -220122?
220112
In base 4, what is -1 - -100332?
100331
In base 3, what is -11020 + -120?
-11210
In base 14, what is 1 + 31?
32
In base 13, what is -343 + -8?
-34b
In base 10, what is -68 - -39?
-29
In base 8, what is -17 + 323?
304
In base 15, what is 7 - -11a8?
11b0
In base 6, what is 4 - 143?
-135
In base 3, what is -10 + -2012?
-2022
In base 14, what is 7 - -337?
340
In base 15, what is 4 - -93d?
942
In base 5, what is 3 + -12102?
-12044
In base 7, what is -2243 + -3?
-2246
In base 12, what is -197 - -25?
-172
In base 8, what is 1476 + -3?
1473
In base 16, what is 3 - -80e?
811
In base 15, what is 23b - -4?
240
In base 6, what is 25 + -124?
-55
In base 10, what is -41 + -2?
-43
In base 3, what is -102100 + -12?
-102112
In base 13, what is -4 - bb?
-c2
In base 4, what is -103 + -33?
-202
In base 4, what is -1120 + 21?
-1033
In base 14, what is 4 + 14b?
151
In base 16, what is -2 + 1b1?
1af
In base 14, what is -1 + 340?
33d
In base 8, what is 1 + -315?
-314
In base 10, what is 2 + 557?
559
In base 12, what is 2 + -204?
-202
In base 16, what is -34f - -1c?
-333
In base 9, what is 17 + -44?
-26
In base 14, what is a + 9?
15
In base 4, what is 2 + -20223?
-20221
In base 3, what is 22220 + 1010?
101000
In base 11, what is 6 + 39?
44
In base 7, what is -112 + -5?
-120
In base 14, what is 11c2 - -4?
11c6
In base 11, what is 2 - 319?
-317
In base 5, what is 14 + 1102?
1121
In base 16, what is -6 + -51?
-57
In base 2, what is 1101 - -101010?
110111
In base 2, what is 100 - -111101?
1000001
In base 6, what is 3 + -133?
-130
In base 2, what is -110011 - -1011?
-101000
In base 4, what is -1 + -23?
-30
In base 3, what is 21 - 2012?
-1221
In base 14, what is 81 + -4?
7b
In base 8, what is 32 - 12?
20
In base 7, what is 4 + -226?
-222
In base 13, what is 0 + -bbc?
-bbc
In base 16, what is -1 + 32?
31
In base 2, what is -10000101011 + 0?
-10000101011
In base 15, what is 0 + 38?
38
In base 11, what is -38 - 15?
-52
In base 12, what is 1ab - 2?
1a9
In base 13, what is -91 - -4?
-8a
In base 7, what is -200 + -45?
-245
In base 14, what is -10c - 1?
-10d
In base 5, what is -3 + -333?
-341
In base 7, what is -5 + 210?
202
In base 11, what is 4 - 205?
-201
In base 3, what is 20222100 - -1?
20222101
In base 12, what is -3 - -2713?
2710
In base 13, what is 11 - -39?
4a
In base 9, what is 1218 + 10?
1228
In base 16, what is -4141 - 4?
-4145
In base 5, what is -113 + 3?
-110
In base 13, what is 4 - -c62?
c66
In base 5, what is 23444 + 3?
24002
In base 9, what is 5 + -41?
-35
In base 9, what is 10151 - 5?
10145
In base 12, what is -86 - 1?
-87
In base 7, what is 236 + -52?
154
In base 5, what is -11 - 20?
-31
In base 15, what is -a2 - -3?
-9e
In base 16, what is 0 + 7e?
7e
In base 9, what is 243 - 10?
233
In base 7, what is -453 - -13?
-440
In base 14, what is -25 + -2?
-27
In base 15, what is 19b7 - 3?
19b4
In base 7, what is -1 + 664?
663
In base 14, what is -3 + -56?
-59
In base 3, what is -122000 - -10?
-121220
In base 16, what is 7c - -3?
7f
In base 2, what is 1110 - 101?
1001
In base 16, what is 5 + 120?
125
In base 13, what is -a - 5?
-12
In base 9, what is 0 + -4203?
-4203
In base 16, what is 5 - 4d?
-48
In base 5, what is 4 + -2141?
-2132
In base 10, what is 4 + 78?
82
In base 12, what is -290 + -5?
-295
In base 15, what is -9 + 10?
6
In base 12, what is 6 - -45?
4b
In base 16, what is 2158 + -2?
2156
In base 10, what is 5 - -13?
18
In base 4, what is 1030 + -2?
1022
In base 11, what is 92 - -1?
93
In base 15, what is -5 + 3aa?
3a5
In base 7, what is 163 + 5?
201
In base 8, what is -7054 - -2?
-7052
In base 6, what is 101 + -144?
-43
In base 2, what is 1 - 10110?
-10101
In base 15, what is -1 + ba?
b9
In base 16, what is 6 + 4?
a
In base 8, what is -112 + 4?
-106
In base 3, what is 2 + -211020?
-211011
In base 16, what is -7 + -4eb?
-4f2
In base 16, what is 2 + b9?
bb
In base 13, what is -13a - 27?
-164
In base 9, what is -7 + -742?
-750
In base 8, what is 271 + 3?
274
In base 14, what is 36 - 6?
30
In base 5, what is -4 + -24320?
-24324
In base 7, what is 2 + -2?
0
In base 3, what is -12 + 1122021?
1122002
In base 5, what is -32 - -10?
-22
In base 9, what is -4 + -1056?
-1061
In base 8, what is -2 + -3056?
-3060
In base 16, what is -1 + -20c?
-20d
In base 12, what is -17 + -9?
-24
In base 14, what is -101 - 29?
-12a
In base 9, what is -436 + 0?
-436
In base 5, what is -232 + 3?
-224
In base 6, what is -1 + 254?
253
In base 13, what is 53 - 5?
4b
In base 9, what is -646 + 2?
-644
In base 9, what is 3 - -482?
485
In base 14, what is 60 + -3?
5b
In base 11, what is -30 + a?
-21
In base 10, what is -3 - -300?
297
In base 6, what is -23 - 223?
-250
In base 16, what is ca + -1?
c9
In base 4, what is 1010 - -2111?
3121
In base 15, what is -10 - -7a?
6a
In base 4, what is 2032103 + -3?
2032100
In base 3, what is 100 + 122100?
122200
In base 4, what is -20 + 13?
-1
In base 10, what is -1 + -105?
-106
In base 7, what is -5 - 3?
-11
In base 15, what is a + -8?
2
In base 12, what is 5 + -1031?
-1028
In base 12, what is 3 - 21?
-1a
In base 6, what is -3 + -511?
-514
In base 4, what is 1223 + -1?
1222
In base 11, what is 2491 + -1?
2490
In base 13, what is 2 - -61?
63
In base 16, what is -58 + -6?
-5e
In base 3, what is 12022 - 100?
11222
In base 4, what is 100 + 22012?
22112
In base 8, what is -532 - 1?
-533
In base 9, what is -5 - 53?
-58
In base 12, what is -3 + -116?
-119
In base 7, what is -43 + 44?
1
In base 11, what is 69 - 1a?
4a
In base 5, what is 3 - 2214?
-2211
In base 15, what is 4 - -e4?
e8
In base 12, what is 14 + -2?
12
In base 4, what is 12112 - -11?
12123
In base 10, what is 0 - -7?
7
In base 2, what is 110111 - -11101?
1010100
In base 15, what is -12 - 3?
-15
In base 10, what is 36 + -50?
-14
In base 3, what is -202100 - 2?
-202102
In base 8, what is 307 - -4?
313
In base 14, what is ac - 0?
ac
In base 7, what is -16 + 1321?
1302
In base 13, what is 1 - 53?
-52
In base 9, what is -2 - 83?
-85
In base 13, what is -1 - -67c?
67b
In base 13, what is -540 + -3?
-543
In base 10, what is 336 + 2?
338
In base 3, what is -12110 + 1?
-12102
In base 14, what is -396 - -4?
-392
In base 8, what is 3 + -51?
-46
In base 8, what is 20 - -71?
111
In base 6, what is -424 - 13?
-441
In base 2, what is -1000 + 11111001?
11110001
In base 13, what is 5 - -24c?
254
In base 4, what is -11 - 211200?
-211211
In base 13, what is 2 - -1a9?
1ab
In base 4, what is 3 + -1111?
-1102
In base 2, what is 111111 - -1100011?
10100010
In base 11, what is -5 + -4294?
-4299
In base 6, what is -15 - -455?
440
In base 3, 